0.
20
What is the greatest common divisor of 179696 and 55?
11
What is the greatest common factor of 372 and 11850?
6
What is the highest common divisor of 1144 and 2519?
11
What is the highest common factor of 24 and 82392?
24
Calculate the greatest common factor of 299 and 9430.
23
What is the highest common divisor of 215544 and 336?
168
Calculate the highest common divisor of 10027 and 4607.
271
What is the highest common factor of 395 and 193392?
79
Calculate the highest common factor of 8397 and 9.
9
Calculate the greatest common factor of 100 and 425650.
50
Calculate the highest common divisor of 459 and 8343.
27
What is the highest common divisor of 810 and 13968?
18
Calculate the greatest common divisor of 583976 and 24.
8
Calculate the highest common factor of 230 and 50140.
230
What is the highest common divisor of 178843 and 203?
203
What is the highest common divisor of 47 and 37459?
47
What is the highest common divisor of 132858 and 12?
6
Calculate the highest common divisor of 16180 and 139957.
809
Calculate the highest common divisor of 44885 and 1645.
235
Calculate the highest common factor of 140 and 106435.
35
Calculate the highest common divisor of 221 and 2125.
17
What is the greatest common factor of 664 and 1449263?
83
Calculate the highest common factor of 2770 and 20.
10
What is the highest common factor of 219 and 73?
73
Calculate the highest common divisor of 202 and 6.
2
What is the greatest common divisor of 765 and 4737186?
153
Calculate the highest common divisor of 3080 and 34720.
280
What is the greatest common factor of 75387 and 169?
13
Calculate the highest common factor of 984 and 8508.
12
Calculate the highest common factor of 405 and 13203.
81
What is the highest common factor of 14896 and 15472?
16
What is the highest common divisor of 260452 and 32?
4
What is the greatest common factor of 675 and 3980?
5
Calculate the highest common divisor of 41285 and 115.
115
What is the greatest common divisor of 11524 and 6106?
86
What is the highest common factor of 148028 and 161?
23
What is the highest common divisor of 2370420 and 162?
18
Calculate the highest common divisor of 4704 and 5691.
21
Calculate the highest common divisor of 1533 and 353101.
511
What is the greatest common divisor of 4572 and 3204?
36
Calculate the greatest common factor of 1074874 and 632.
158
What is the highest common divisor of 5289 and 123?
123
What is the highest common factor of 40 and 259016?
8
What is the greatest common divisor of 77 and 721?
7
Calculate the greatest common factor of 68666 and 56563.
247
Calculate the greatest common factor of 48495 and 60.
15
Calculate the highest common divisor of 2554965 and 315.
315
What is the greatest common factor of 26016 and 624?
48
What is the greatest common divisor of 686 and 3598?
14
What is the greatest common divisor of 1464 and 49593?
183
Calculate the greatest common divisor of 14212 and 50116.
748
What is the greatest common factor of 33891 and 5005?
143
What is the greatest common factor of 7052 and 387?
43
Calculate the greatest common divisor of 73 and 9824048.
73
Calculate the highest common divisor of 2794 and 8998.
22
Calculate the greatest common factor of 1504 and 26038.
94
Calculate the highest common factor of 12238 and 18502.
58
What is the highest common divisor of 5479696 and 16?
16
What is the greatest common factor of 3809 and 37504?
293
What is the greatest common factor of 7060 and 420?
20
What is the highest common divisor of 240 and 259640?
40
Calculate the greatest common divisor of 509 and 1301513.
509
What is the greatest common divisor of 129987 and 18?
9
Calculate the highest common factor of 159140 and 22345.
545
Calculate the greatest common factor of 802 and 50.
2
Calculate the highest common factor of 843516 and 36.
36
What is the highest common divisor of 78391 and 831?
277
What is the greatest common divisor of 293156 and 747?
83
What is the greatest common divisor of 1120 and 8232?
56
Calculate the greatest common divisor of 304844 and 340.
68
Calculate the highest common factor of 51 and 18891.
3
What is the greatest common divisor of 40425 and 3025?
275
Calculate the highest common factor of 3070 and 270.
10
Calculate the greatest common factor of 4802 and 79282.
98
Calculate the greatest common divisor of 11560 and 16.
8
Calculate the greatest common divisor of 30 and 1090515.
15
Calculate the greatest common divisor of 1050 and 1130325.
525
Calculate the greatest common factor of 601 and 34852591.
601
What is the greatest common factor of 126309 and 923?
71
Calculate the greatest common divisor of 53 and 12932.
53
Calculate the highest common divisor of 84139 and 495.
11
What is the greatest common factor of 12 and 59076?
12
What is the highest common divisor of 2926 and 46018?
266
What is the greatest common divisor of 126 and 32094?
18
Calculate the highest common factor of 28096 and 5707.
439
Calculate the highest common factor of 20 and 671610.
10
What is the greatest common divisor of 3010028 and 28?
28
Calculate the greatest common divisor of 398124 and 12.
12
What is the highest common divisor of 58 and 2710?
2
What is the greatest common divisor of 889554 and 888?
222
What is the highest common factor of 19261 and 2244?
187
Calculate the greatest common divisor of 116328 and 777.
111
Calculate the greatest common divisor of 298990 and 30.
10
Calculate the highest common factor of 2646 and 4374.
54
Calculate the highest common divisor of 9962 and 1054.
34
Calculate the highest common divisor of 2328524 and 374.
374
Calculate the highest common factor of 270 and 41661.
27
What is the highest common factor of 48 and 31984?
16
What is the highest common factor of 30409 and 188?
47
Calculate the highest common divisor of 9155 and 1415363.
1831
What is the highest common factor of 26904 and 72?
24
What is the greatest common factor of 196667 and 965?
193
What is the greatest common divisor of 469559 and 10351?
941
Calculate the greatest common factor of 7136 and 1216.
32
What is the highest common divisor of 29154 and 1290?
258
What is the greatest common factor of 176 and 633160?
88
Calculate the highest common factor of 220 and 15092.
44
Calculate the highest common factor of 220026 and 12.
6
What is the highest common factor of 105 and 819595?
35
Calculate the greatest common divisor of 8577 and 9.
9
Calculate the highest common factor of 4669 and 638.
29
Calculate the greatest common divisor of 110440 and 110.
110
What is the highest common divisor of 77356 and 13612?
332
What is the highest common factor of 13340 and 8?
4
Calculate the highest common factor of 162518 and 506.
46
Calculate the greatest common divisor of 4074 and 35826.
42
Calculate the greatest common divisor of 447 and 1270821.
447
What is the highest common divisor of 3195420 and 180?
60
Calculate the greatest common divisor of 11975 and 11496.
479
Calculate the highest common divisor of 50482 and 86.
86
Calculate the greatest common factor of 114 and 101194.
38
What is the highest common factor of 72 and 443304?
72
What is the greatest common divisor of 580 and 98948?
116
Calculate the highest common factor of 329528 and 102.
34
Calculate the highest common factor of 2696 and 13817.
337
Calculate the highest common divisor of 257766 and 6.
6
What is the greatest common divisor of 182 and 495313?
91
Calculate the highest common divisor of 31374 and 4662.
126
What is the highest common factor of 183 and 386679?
183
What is the highest common factor of 17168 and 22736?
464
What is the highest common divisor of 2520 and 923720?
280
Calculate the greatest common divisor of 42 and 42651.
21
What is the highest common factor of 144 and 43788?
12
Calculate the highest common factor of 409808 and 56.
56
Calculate the highest common factor of 282751 and 651.
217
What is the highest common divisor of 92 and 1284?
4
Calculate the highest common factor of 4920 and 31800.
120
What is the greatest common divisor of 17938 and 2?
2
What is the greatest common factor of 1335 and 86508?
267
Calculate the greatest common factor of 3425 and 6028.
137
Calculate the highest common factor of 21 and 67249.
7
Calculate the highest common factor of 229235 and 1045.
95
Calculate the hi